ppose -2 - 1 = -a*l. What is the units digit of c(l)?
2
Let x be 3 - (3 - (-2 + 5)). What is the units digit of 0/(-2) + x + 4?
7
Let g(n) = 7*n - 2*n - 6*n - 2. What is the units digit of g(-6)?
4
Suppose 2 - 4 = -g. Suppose 43 = 3*d + w - g*w, 5*d = w + 75. What is the tens digit of d?
1
Let d = 1261 - 748. Suppose -4*h + 19 = -d. What is the units digit of h/9 - 12/(-54)?
5
Let g = 5 - 13. Let o(l) be the first derivative of -l**3/3 - 5*l**2 - 11*l - 1. What is the units digit of o(g)?
5
Let a be (-44)/(-6)*(6 + -3). Suppose a = 5*y - 63. What is the units digit of y?
7
Let l(n) = -32*n**2 + 2*n. Let u be l(-1). Let c be 2/9 - 842/(-18). Let b = c + u. What is the units digit of b?
3
Suppose v - 6*v + 75 = 0. What is the units digit of v?
5
Suppose -g + 1 = -0*g. Let i(u) = 7*u**2 - u. What is the units digit of i(g)?
6
Let u(a) be the second derivative of a**5/20 - 2*a**4/3 + 5*a**3/3 - 5*a**2/2 + a. What is the tens digit of u(7)?
1
Let p be 24/15*(-70)/4. Let h = 39 + p. What is the units digit of h?
1
Let d = -1 + 5. Let k be (-5 - d)/(1*-1). What is the units digit of 0 + k - (2 - 2)?
9
Let n(o) = 62*o**2 + o + 1. What is the tens digit of n(-1)?
6
Let t be 2/(3*(-3)/(-63)). Suppose 5*n - t = 3*q, -2*q + 12 = -6*q. What is the units digit of n?
1
Let u = 14 - 10. Let f(g) = -5*g + 1. Let n(b) = 9*b - 1. Let r(k) = 11*f(k) + 6*n(k). What is the units digit of r(u)?
1
Let w(z) be the second derivative of -z**5/20 + 5*z**4/12 + z**3/3 - 3*z**2 - z. What is the units digit of w(4)?
8
Let j(d) = -4*d - 28. What is the units digit of j(-21)?
6
Suppose 0 = u - 5 - 2. Suppose -x = -u - 21. Suppose -x = -0*y - 4*y. What is the units digit of y?
7
Let g be (-8)/36 - 58/(-18). Suppose 32 = g*d - 58. What is the tens digit of d?
3
Let x = -39 - -27. Let p = 23 + x. What is the tens digit of p?
1
Let y be (-3)/6*(-12)/3. Suppose t - 21 + 0 = -2*p, -y*p = -3*t - 25. What is the units digit of p?
1
Let c = -6 + 10. Suppose -h + 2*z = 0, z + 4*z = c*h. Suppose 3*r + 5*a + 0 - 1 = h, -2*r - a + 10 = 0. What is the units digit of r?
7
Suppose 478 = 8*g + 14. What is the units digit of g?
8
Let u(p) = 56*p - 95. What is the units digit of u(5)?
5
Let t(s) = -2*s - 1. Suppose -2 = 2*p - 4. Let f be t(p). What is the units digit of (-12)/f + (1 - -1)?
6
Let k = -12 + 20. What is the units digit of k?
8
Suppose -x = -3*s - 125, 3*x - 100 = -3*s + 263. What is the tens digit of x?
2
Let h be (-26)/(-3) + 2/6. Let c = h - 2. What is the units digit of c?
7
Let m be (-8)/2*3/4. Let f be (m/(-4))/((-2)/8). Let v = -2 - f. What is the units digit of v?
1
Let m(n) = -3 - 1 - 12*n - n**2 - 2 + 0. What is the tens digit of m(-9)?
2
Let a be ((4 - 2) + -3)*2. What is the units digit of 0/(-2) + a + 15?
3
Let y(g) = g**2 + 2*g**3 + 2*g**2 + 3*g - 6*g**2. What is the tens digit of y(2)?
1
Suppose -y - 7 + 1 = 0. Let d = y - -15. Suppose -3*m + d - 56 = -5*f, 3*f - 2*m = 28. What is the units digit of f?
0
Let t(p) = 42*p. What is the units digit of t(1)?
2
Suppose i - 22 = 8. What is the units digit of i/8*(4 + 0)?
5
Suppose 11 + 8 = c. Suppose 4*r - 91 = -3*z, -r - z = z - c. What is the tens digit of r?
2
Suppose o - 4*o = 0. Suppose 5*j + 35 = 2*q, -5*q + o*j + 10 = 3*j. Suppose 75 = -0*v + q*v. What is the units digit of v?
5
Suppose -3*n = -z - 8, -3*z = 2*n + n. Suppose n*c + 4*w - 25 = 41, -4*w + 35 = c. What is the units digit of c?
1
Let j be 2 + 0/(3 - 5). Suppose 44 = j*z + 2*z. What is the tens digit of z?
1
Suppose -k = 4*k - 10. Suppose -t = 3*u + 5, -13 = 5*u + k. Suppose m + m - t = 0. What is the units digit of m?
2
Let q = 14 - 12. Suppose -q*x = x - 33. What is the units digit of x?
1
Let m(p) = -9*p + 161. What is the tens digit of m(0)?
6
What is the units digit of (-13)/((-182)/60)*7?
0
Let m(w) = w**3 - 7*w**2 - 8*w - 2. Let q be m(8). What is the units digit of q/14 - (-705)/35?
0
Suppose -6*u + 31 = -5*u. What is the tens digit of u?
3
Let k = 53 - 32. Suppose -g + k = 2*g. Suppose -30 = 4*c - g*c. What is the units digit of c?
0
Suppose 5*x = -4*n + 316, -3*n + 0*n + 2*x + 214 = 0. What is the tens digit of n?
7
Suppose -3*s - 3 = -4*s. Let c = -2 + s. What is the units digit of -1 + 4/(c + 1)?
1
Let v(b) = b**3 + 5*b**2 + 3*b - 2. Let w = 2 - -2. Suppose 0 = -2*l - w*d + 2, -18 = l + 3*l - 3*d. What is the units digit of v(l)?
7
Let p be (2/(-4))/((-5)/20). Let h(a) = -a - 2*a + a**p - 1 - a. What is the units digit of h(5)?
4
Let r = -5 - -7. Let g(s) = 2*s**2 - 4*s + 1 + 16*s**r + 2*s. What is the units digit of g(1)?
7
Let k be (-3)/(3/(-2 - 13)). Let m be (k/(-12))/(2/8). Let i = 7 + m. What is the units digit of i?
2
Suppose 0 = -2*s - 4*h + 20, 4*s + h + 1 - 13 = 0. Let n(t) = t - 8. Let g be n(8). Suppose -u + 2*f - f = -10, -s*u + f + 17 = g. What is the units digit of u?
7
Let w = 3 - -33. What is the units digit of w?
6
Let n = 4 + -5. Let i = -13 - n. What is the units digit of ((-9)/i)/(2/16)?
6
Let v = -53 - -89. Let f = 50 - v. Let p = f + -10. What is the units digit of p?
4
Suppose 2*p + 2*p = 5*k - 395, k - 4*p = 95. Suppose -2*i = 3*i + k. Let d = -1 - i. What is the units digit of d?
4
Suppose 5*m - 8*m = -18. What is the units digit of m?
6
What is the hundreds digit of 801/4 - ((-231)/(-28) + -8)?
2
Let v(h) = 68*h. Let t be v(1). Suppose 50 = 4*d - 2*n, -2*n + t = 5*d + n. What is the tens digit of d?
1
Let q(v) = 2*v**2 - v. Let i = 1 - 2. Let u be q(i). Suppose -u*a - 10 = -4*a. What is the units digit of a?
0
Let s = 160 - -226. What is the hundreds digit of s?
3
Let u = -4 + 6. Suppose -3 - u = -5*q. What is the units digit of q?
1
Suppose 0 = k + 4*x - 2*x - 7, -x + 5 = -k. Let z be ((-4)/10)/(k/5). Suppose -p = m - 2*p - 21, z*p = -6. What is the units digit of m?
8
Let w = 27 - 16. Suppose 0*b + b = w. What is the tens digit of b?
1
Suppose 0 = -m - 16 - 53. Let k = 124 + m. What is the tens digit of k?
5
Let p(a) = 3*a - 5. What is the tens digit of p(15)?
4
Let r = -1 + 31. What is the units digit of r?
0
Let f(m) = 7*m + 3. Let n(h) = -7*h - 3. Let q(g) = 3*f(g) + 2*n(g). Let i be q(4). Let v = i + -20. What is the units digit of v?
1
Let g be -2 + 14/(0 + 1). Suppose 2*h = 4*u - 20, -3*h - g = -6*h. What is the units digit of u?
7
Let f(t) = 33*t**2 + 4*t - 3. What is the tens digit of f(1)?
3
Let z = -4 + 4. Let x = z + 3. Suppose -l + x = 2*l. What is the units digit of l?
1
Suppose 43*i = 38*i + 1165. What is the hundreds digit of i?
2
Let g(q) = q**2 + q + 2. Let k be g(0). Suppose 1 = -i + k. What is the units digit of ((26 - -1)/3)/i?
9
Suppose 19*s = 21*s - 72. What is the tens digit of s?
3
Suppose -4*g = 3*l - 286, -2*g - 2*l + 140 = l. What is the units digit of g?
3
Let y be (-15)/2*(-238)/51. What is the units digit of 5/y + 104/7?
5
Let b = -125 + 213. Suppose -2*s - 2*s + b = 0. What is the tens digit of s?
2
Let i = -2 + -9. Let b = i - -23. Let f = 20 - b. What is the units digit of f?
8
Suppose -8*r + 121 + 279 = 0. What is the units digit of r?
0
Let t be 0*(-1 - (-2)/4). Suppose -5*d - 5*n = -t*n - 65, n + 41 = 2*d. What is the units digit of d?
8
Let q be (-12)/(-18)*-1*9. Let d = q + 9. What is the units digit of d?
3
Let f be (-1)/(3 + 7/(-2)). Suppose 2*b + f*b - 20 = 0, 0 = 5*y - 3*b - 40. What is the tens digit of y?
1
Let n(c) = c + 14. What is the units digit of n(6)?
0
Suppose 0 = i + 4, 2*p - 2*i - 2*i - 80 = 0. What is the tens digit of p?
3
Let q(c) = -3*c - 5. Let d be q(-4). Let v = 8 - -5. Let i = v - d. What is the units digit of i?
6
Let y = -5 + 9. Suppose -2*v + 3*v + 3 = 0, -y*c = 2*v - 2. Let b(t) = -t**2 + 4*t - 3. What is the units digit of b(c)?
1
What is the tens digit of (-3 - -2)/(739/(-246) - -3)?
4
Let v be 10/25 + 34/(-10). Let g(y) = -y - 2. Let o be g(-4). Let c = o - v. What is the units digit of c?
5
Let f(x) = x**3 + x**2 + 4*x + 1. What is the units digit of f(3)?
9
Let l = 1 - 2. Let k be ((-3)/(-6) + l)*-4. What is the units digit of 5 - (-1 + k) - 2?
2
Let j = 22 + -24. Let h(t) = -6*t + 0 + 0. What is the tens digit of h(j)?
1
Suppose -60 = -2*g - g. Suppose 1 = -2*w + 9. Suppose -w*x = -t + g, -4*x = 9 + 3. What is the units digit of t?
8
Let z(c) = -4*c**2 + 3*c + 3. Let o(q) = q**2 - q - 1. Let h(s) = -6*o(s) - 2*z(s). Let l be h(-1). Suppose 